7 (base 15) to base 14
1c3
Convert 2013 (base 4) to base 7.
252
2 (base 16) to base 4
2
Convert 21 (base 5) to base 15.
b
Convert 106 (base 11) to base 6.
331
What is 33 (base 5) in base 6?
30
What is 14 (base 8) in base 3?
110
-104 (base 9) to base 2
-1010101
What is 223 (base 5) in base 8?
77
-4 (base 14) to base 11
-4
Convert -17 (base 11) to base 9.
-20
What is 9a (base 13) in base 5?
1002
-143 (base 5) to base 16
-30
What is -20 (base 7) in base 11?
-13
Convert -8 (base 14) to base 12.
-8
Convert -6 (base 12) to base 16.
-6
Convert 31 (base 4) to base 10.
13
What is 17 (base 12) in base 4?
103
-20 (base 4) to base 2
-1000
-10 (base 5) to base 3
-12
Convert 8 (base 14) to base 9.
8
Convert 17 (base 15) to base 8.
26
Convert -2 (base 11) to base 7.
-2
What is 130 (base 4) in base 11?
26
-10 (base 14) to base 9
-15
What is -231 (base 5) in base 7?
-123
What is -4 (base 16) in base 14?
-4
Convert 2 (base 9) to base 11.
2
What is -20 (base 15) in base 12?
-26
Convert -5 (base 13) to base 5.
-10
-1124 (base 5) to base 3
-20002
Convert 1 (base 15) to base 8.
1
30 (base 8) to base 2
11000
4 (base 6) to base 13
4
-6 (base 11) to base 12
-6
Convert -101001 (base 2) to base 11.
-38
22 (base 9) to base 5
40
-3 (base 10) to base 14
-3
Convert 26 (base 16) to base 14.
2a
What is -4 (base 12) in base 3?
-11
Convert -154 (base 9) to base 14.
-94
-32 (base 16) to base 3
-1212
What is -44 (base 7) in base 5?
-112
What is -8 (base 13) in base 16?
-8
Convert -28 (base 16) to base 8.
-50
Convert 3 (base 8) to base 3.
10
Convert -102 (base 10) to base 2.
-1100110
bc (base 16) to base 12
138
What is 2 (base 6) in base 15?
2
Convert -4 (base 5) to base 13.
-4
Convert 7 (base 16) to base 10.
7
What is 7 (base 9) in base 15?
7
Convert -22 (base 3) to base 14.
-8
200 (base 6) to base 4
1020
Convert -562 (base 8) to base 3.
-111201
8 (base 15) to base 6
12
Convert 49 (base 15) to base 2.
1000101
What is 1 (base 15) in base 6?
1
What is 3 (base 10) in base 14?
3
Convert -1330 (base 4) to base 3.
-11121
-10 (base 3) to base 10
-3
What is 3 (base 13) in base 4?
3
Convert 17 (base 13) to base 3.
202
Convert -260 (base 8) to base 7.
-341
What is -11 (base 4) in base 2?
-101
Convert -11 (base 9) to base 13.
-a
5 (base 15) to base 11
5
3 (base 6) to base 13
3
-5 (base 8) to base 12
-5
-2f (base 16) to base 8
-57
223 (base 6) to base 13
69
What is -1a (base 12) in base 15?
-17
Convert 65 (base 15) to base 8.
137
What is 3 (base 12) in base 16?
3
-117 (base 9) to base 7
-166
What is -2 (base 13) in base 3?
-2
Convert 3 (base 15) to base 12.
3
What is 154 (base 6) in base 3?
2121
What is 6a (base 15) in base 10?
100
-185 (base 9) to base 5
-1113
What is 2 (base 15) in base 16?
2
What is 5 (base 10) in base 4?
11
Convert -10 (base 4) to base 16.
-4
Convert -131 (base 5) to base 3.
-1112
0 (base 6) to base 15
0
Convert -40 (base 5) to base 6.
-32
Convert 2 (base 14) to base 9.
2
Convert 10 (base 8) to base 5.
13
-13 (base 5) to base 10
-8
-35 (base 10) to base 13
-29
-23 (base 4) to base 10
-11
What is 1 (base 4) in base 7?
1
Convert -1 (base 14) to base 16.
-1
Convert 101 (base 6) to base 16.
25
What is 544 (base 8) in base 4?
11210
Convert 1014 (base 5) to base 15.
8e
What is -7 (base 8) in base 11?
-7
-3 (base 15) to base 5
-3
What is -158 (base 10) in base 11?
-134
Convert 1b (base 15) to base 3.
222
Convert 9 (base 15) to base 3.
100
What is 3 (base 9) in base 6?
3
Convert -1321 (base 4) to base 14.
-89
-3 (base 4) to base 9
-3
Convert -11110010 (base 2) to base 4.
-3302
What is 30 (base 12) in base 16?
24
What is -12 (base 15) in base 13?
-14
What is -1011 (base 2) in base 3?
-102
Convert 10111 (base 4) to base 12.
1b1
2 (base 16) to base 12
2
Convert 9 (base 13) to base 15.
9
What is 407 (base 8) in base 7?
524
4c (base 14) to base 12
58
What is -3 (base 16) in base 9?
-3
What is -111 (base 2) in base 16?
-7
What is 5 (base 9) in base 4?
11
Convert -6 (base 13) to base 4.
-12
What is -326 (base 7) in base 9?
-205
What is -453 (base 6) in base 10?
-177
Convert 189 (base 11) to base 6.
1002
-2 (base 8) to base 6
-2
Convert 159 (base 10) to base 6.
423
What is -17 (base 11) in base 3?
-200
Convert -1 (base 14) to base 7.
-1
-6d (base 15) to base 2
-1100111
What is 11 (base 5) in base 4?
12
Convert 1 (base 8) to base 13.
1
Convert -2 (base 5) to base 14.
-2
-12 (base 4) to base 3
-20
13 (base 9) to base 7
15
What is -101121 (base 3) in base 9?
-347
Convert -12 (base 6) to base 11.
-8
-6 (base 10) to base 8
-6
Convert 5 (base 6) to base 10.
5
Convert 11 (base 3) to base 11.
4
Convert 4 (base 7) to base 12.
4
11 (base 2) to base 10
3
What is -10 (base 6) in base 4?
-12
2 (base 6) to base 15
2
Convert -12 (base 5) to base 12.
-7
0 (base 13) to base 12
0
Convert 4f (base 16) to base 9.
87
What is 2 (base 9) in base 3?
2
6 (base 10) to base 4
12
Convert 15 (base 7) to base 5.
22
Convert 425 (base 7) to base 2.
11010111
What is 81 (base 15) in base 3?
11111
Convert f (base 16) to base 2.
1111
Convert 0 (base 12) to base 6.
0
-171 (base 14) to base 10
-295
Convert 6 (base 9) to base 10.
6
Convert -169 (base 12) to base 2.
-11100001
Convert 23 (base 4) to base 9.
12
Convert -2 (base 16) to base 7.
-2
What is -10 (base 6) in base 9?
-6
Convert -5 (base 12) to base 13.
-5
Convert 156 (base 14) to base 4.
10100
-24 (base 10) to base 4
-120
Convert -4 (base 6) to base 2.
-100
3 (base 4) to base 2
11
-4 (base 11) to base 2
-100
Convert -20 (base 3) to base 9.
-6
1 (base 7) to base 2
1
Convert 4 (base 15) to base 11.
4
What is -85 (base 15) in base 3?
-11122
What is -3 (base 13) in base 3?
-10
a (base 12) to base 15
a
What is -1100100 (base 2) in base 8?
-144
-10 (base 3) to base 14
-3
-3 (base 9) to base 12
-3
What is -59 (base 16) in base 15?
-5e
What is f4 (base 16) in base 11?
202
b (base 13) to base 12
b
What is 6 (base 8) in base 7?
6
-9 (base 12) to base 13
-9
Convert 11 (base 12) to base 14.
d
Convert -111 (base 3) to base 9.
-14
What is -2222 (base 3) in base 6?
-212
What is -11 (base 2) in base 5?
-3
What is 113 (base 4) in base 8?
27
Convert -18 (base 15) to base 3.
-212
What is d (base 14) in base 15?
d
Convert 44 (base 12) to base 8.
64
What is -2 (base 3) in base 15?
-2
110 (base 2) to base 15
6
-1 (base 7) to base 5
-1
Convert -5 (base 8) to base 4.
-11
Convert 51 (base 10) to base 3.
1220
Convert 3 (base 8) to base 9.
3
Convert -4 (base 12) to base 15.
-4
Convert -3 (base 16) to base 13.
-3
What is 13 (base 4) in base 3?
21
What is -1 (base 13) in base 8?
-1
Convert 145 (base 6) to base 13.
50
312 (base 4) to base 9
60
Convert -110011 (base 2) to base 3.
-1220
What is -4 (base 7) in base 2?
-100
1 (base 7) to base 4
1
10 (base 15) to base 10
15
What is 10001 (base 2) in base 14?
13
Convert a1 (base 13) to base 10.
131
Convert -4 (base 15) to base 2.
-100
Convert 20210 (base 3) to base 6.
503
Convert 10 (base 9) to base 5.
14
50 (base 6) to base 7
42
Convert -36 (base 10) to base 15.
-26
What is 2 (base 13) in base 8?
2
Convert -20 (base 4) to base 11.
-8
Convert -1 (base 14) to base 4.
-1
Convert -35 (base 9) to base 8.
-40
10 (base 2) to base 12
2
What is 0 (base 16) in base 8?
0
-1 (base 5) to base 2
-1
What is -2214 (base 5) in base 11?
-261
What is 0 (base 9) in base 3?
0
Convert -34 (base 6) to base 9.
-24
What is -167 (base 8) in base 2?
-1110111
Convert 1 (base 12) to base 15.
1
What is -135 (base 13) in base 4?
-3111
-26 (base 10) to base 5
-101
Convert 2 (base 4) to base 5.
2
What is -2 (base 12) in base 14?
-2
Convert -4a (base 16) to base 15.
-4e
What is 4 (base 5) in base 11?
4
Convert -32 (base 6) to base 4.
-110
Convert -1 (base 2) to base 6.
-1
Convert -1 (base 3) to base 8.
-1
What is -23 (base 5) in base 16?
-d
What is -41 (base 10) in base 5?
-131
2 (base 11) to base 4
2
What is -1a4 (base 13) in base 3?
-102020
Convert 5 (base 15) to base 8.
5
Convert 42 (base 6) to base 12.
22
What is 4 (base 14) in base 10?
4
-79 (base 14) to base 5
-412
0 (base 8) to base 3
0
What is 33 (base 11) in base 10?
36
What is -1 (base 9) in base 7?
-1
-72 (base 12) to base 4
-1112
Convert -11 (base 9) to base 10.
-10
Convert 104 (base 9) to base 3.
10011
40 (base 6) to base 2
11000
Convert 23 (base 11) to base 5.
100
11 (base 5) to base 15
6
Convert -51 (base 16) to bas